ple of 55?
True
Is 21 a factor of 251?
False
Is 530 a multiple of 10?
True
Is 7 a factor of 371?
True
Does 216 divide 33048?
True
Is 243 a factor of 15795?
True
Is 25 a factor of 550?
True
Is 2788 a multiple of 17?
True
Is 8 a factor of 338?
False
Is 27 a factor of 1059?
False
Does 90 divide 180?
True
Is 9409 a multiple of 94?
False
Does 75 divide 8850?
True
Is 6 a factor of 3817?
False
Does 47 divide 326?
False
Is 47 a factor of 16466?
False
Is 267 a factor of 44589?
True
Is 304 a multiple of 19?
True
Does 28 divide 1652?
True
Does 20 divide 4780?
True
Is 7830 a multiple of 29?
True
Is 124 a factor of 3238?
False
Is 353 a factor of 26475?
True
Does 97 divide 3007?
True
Is 10 a factor of 863?
False
Is 858 a multiple of 26?
True
Is 14 a factor of 5880?
True
Is 10002 a multiple of 6?
True
Is 551 a multiple of 19?
True
Does 17 divide 8925?
True
Does 3 divide 303?
True
Does 69 divide 27393?
True
Is 4224 a multiple of 22?
True
Is 1179 a multiple of 47?
False
Is 23 a factor of 1587?
True
Is 28 a factor of 1393?
False
Does 15 divide 1421?
False
Is 792 a multiple of 12?
True
Is 3696 a multiple of 10?
False
Does 4 divide 642?
False
Is 5 a factor of 445?
True
Is 11 a factor of 1606?
True
Is 2413 a multiple of 3?
False
Is 20 a factor of 5920?
True
Does 8 divide 245?
False
Does 16 divide 1269?
False
Is 40 a factor of 1760?
True
Does 19 divide 2919?
False
Does 8 divide 8?
True
Does 34 divide 1227?
False
Is 592 a multiple of 4?
True
Is 2897 a multiple of 3?
False
Is 255 a multiple of 3?
True
Does 19 divide 817?
True
Is 180 a multiple of 10?
True
Does 58 divide 464?
True
Does 15 divide 180?
True
Is 1594 a multiple of 16?
False
Is 31140 a multiple of 3?
True
Is 19037 a multiple of 46?
False
Is 42 a factor of 210?
True
Does 13 divide 182?
True
Is 717 a multiple of 38?
False
Is 788 a multiple of 8?
False
Is 12 a factor of 30206?
False
Does 120 divide 2400?
True
Is 206 a factor of 10678?
False
Is 12 a factor of 4889?
False
Is 10 a factor of 477?
False
Does 11 divide 60416?
False
Is 17 a factor of 27863?
True
Does 18 divide 13247?
False
Does 13 divide 14794?
True
Is 2663 a multiple of 10?
False
Is 456 a multiple of 12?
True
Is 12524 a multiple of 62?
True
Is 660 a multiple of 11?
True
Is 16242 a multiple of 28?
False
Is 14326 a multiple of 241?
False
Is 2 a factor of 187?
False
Is 5143 a multiple of 5?
False
Does 17 divide 243?
False
Is 37179 a multiple of 51?
True
Is 180 a multiple of 15?
True
Is 10 a factor of 1040?
True
Does 230 divide 4600?
True
Is 12276 a multiple of 36?
True
Is 622 a multiple of 3?
False
Is 306 a multiple of 46?
False
Does 11 divide 1208?
False
Does 10 divide 6200?
True
Is 29 a factor of 12905?
True
Is 4 a factor of 704?
True
Does 5 divide 25?
True
Is 54171 a multiple of 73?
False
Is 105 a multiple of 35?
True
Is 46 a factor of 184?
True
Is 1512 a multiple of 54?
True
Is 174 a factor of 61522?
False
Is 6461 a multiple of 91?
True
Is 55 a factor of 3329?
False
Does 53 divide 7361?
False
Is 71 a factor of 36188?
False
Is 393 a multiple of 36?
False
Does 12 divide 2179?
False
Does 9 divide 7759?
False
Is 2 a factor of 1026?
True
Does 4 divide 25?
False
Is 38613 a multiple of 61?
True
Is 21 a factor of 16254?
True
Is 9 a factor of 1530?
True
Does 22 divide 726?
True
Is 34 a factor of 542?
False
Does 11 divide 748?
True
Is 4778 a multiple of 5?
False
Is 32 a factor of 5632?
True
Is 42000 a multiple of 375?
True
Does 12 divide 52863?
False
Is 23159 a multiple of 24?
False
Does 41 divide 14893?
False
Is 41 a factor of 25502?
True
Is 6035 a multiple of 2?
False
Does 7 divide 260?
False
Does 34 divide 1292?
True
Is 2835 a multiple of 13?
False
Does 45 divide 51030?
True
Is 427 a multiple of 8?
False
Does 68 divide 3641?
False
Does 7 divide 22456?
True
Is 9 a factor of 324?
True
Is 504 a multiple of 24?
True
Is 88 a factor of 29773?
False
Is 135 a multiple of 5?
True
Is 35 a factor of 70?
True
Is 158 a factor of 14062?
True
Does 280 divide 28627?
False
Does 10 divide 1740?
True
Does 11 divide 473?
True
Is 72 a factor of 1008?
True
Is 737 a multiple of 76?
False
Does 13 divide 508?
False
Does 48 divide 228?
False
Is 1960 a multiple of 98?
True
Does 5 divide 20?
True
Is 12 a factor of 6803?
False
Is 33 a factor of 1188?
True
Is 8960 a multiple of 40?
True
Is 51 a factor of 1969?
False
Does 60 divide 5703?
False
Is 8004 a multiple of 23?
True
Does 53 divide 1802?
True
Is 348 a multiple of 58?
True
Is 13 a factor of 48217?
True
Does 9 divide 18132?
False
Is 10668 a multiple of 28?
True
Is 7 a factor of 203?
True
Does 17 divide 1050?
False
Is 3672 a multiple of 41?
False
Is 23 a factor of 25553?
True
Does 6 divide 1614?
True
Is 298 a multiple of 46?
False
Is 4161 a multiple of 19?
True
Is 35649 a multiple of 64?
False
Is 2576 a multiple of 8?
True
Is 42 a factor of 408?
False
Does 6 divide 3894?
True
Is 6 a factor of 228?
True
Is 18 a factor of 29598?
False
Is 18 a factor of 67342?
False
Is 12848 a multiple of 11?
True
Is 593 a multiple of 2?
False
Is 380 a multiple of 14?
False
Does 95 divide 8195?
False
Does 129 divide 5934?
True
Does 11 divide 88?
True
Is 52 a factor of 364?
True
Is 462 a multiple of 111?
False
Is 24 a factor of 1080?
True
Does 360 divide 46440?
True
Is 24 a factor of 11933?
False
Does 9 divide 395?
False
Is 34 a multiple of 8?
False
Is 8347 a multiple of 17?
True
Is 26 a factor of 25922?
True
Is 57 a factor of 11717?
False
Is 56 a factor of 39256?
True
Does 9 divide 18?
True
Is 22135 a multiple of 19?
True
Does 14 divide 3845?
False
Is 74 a factor of 1406?
True
Is 4 a factor of 54?
False
Is 1193 a multiple of 26?
False
Does 19 divide 726?
False
Is 14 a factor of 5604?
False
Is 28 a factor of 11521?
False
Does 121 divide 6413?
True
Does 22 divide 753?
False
Is 140 a factor of 16100?
True
Is 23 a factor of 30705?
True
Does 40 divide 840?
True
Is 74 a factor of 4225?
False
Is 46 a factor of 5203?
False
Is 65 a factor of 63375?
True
Does 27 divide 36777?
False
Does 12 divide 7824?
True
Is 28 a factor of 7980?
True
Is 6 a factor of 1668?
True
Is 5 a factor of 2165?
True
Is 28 a factor of 1904?
True
Is 25 a factor of 675?
True
Does 23 divide 17363?
False
Is 23 a factor of 3726?
True
Is 17894 a multiple of 46?
True
Is 10035 a multiple of 15?
True
Is 24 a factor of 12365?
False
Is 629 a multiple of 37?
True
Is 6739 a multiple of 58?
False
Is 305 a multiple of 13?
False
Is 63 a factor of 1215?
False
Is 37 a factor of 9131?
False
Is 264 a multiple of 24?
True
Is 14 a factor of 1232?
True
Is 26931 a multiple of 191?
True
Does 22 divide 49963?
False
Is 968 a multiple of 10?
False
Is 7 a factor of 156?
False
Does 45 divide 180?
True
Does 11 divide 1135?
False
Is 4 a factor of 5120?
True
Is 2775 a multiple of 5?
True
Is 24 a factor of 44?
False
Is 348 a multiple of 15?
False
Is 2 a factor of 36?
True
Is 17 a factor of 952?
True
Is 62 a factor of 2782?
False
Is 40 a factor of 84?
False
Does 7 divide 118?
False
Is 141 a factor of 10922?
False
Is 810 a multiple of 45?
True
Is 3103 a multiple of 4?
False
Is 6536 a multiple of 4?
True
Is 89 a factor of 3827?
True
Is 4893 a multiple of 21?
True
Is 68 a factor of 17612?
True
Does 35 divide 1677?
False
Does 44 divide 2420?
True
Is 10894 a multiple of 19?
False
Is 3673 a multiple of 47?
False
Is 41 a factor of 26240?
True
Is 1923 a multiple of 3?
True
Does 109 divide 562?
False
Is 6 a factor of 20?
False
Does 93 divide 16089?
True
Is 33096 a multiple of 12?
True
Is 2838 a multiple of 43?
True
Is 3340 a multiple of 10?
True
Is 23 a factor of 76?
False
Does 9 divide 56367?
True
Is 36572 a multiple of 258?
False
Does 13 divide 7839?
True
Is 5 a factor of 8335?
True
Is 10 a factor of 3418?
False
Is 116108 a multiple of 152?
False
Does 17 divide 119?
True
Is 13 a factor of 1701?
False
Is 595 a multiple of 5?
True
Is 17 a factor of 420?
False
Is 48 a factor of 7463?
False
Is 16564 a multiple of 82?
True
Does 63 divide 535?
False
Is 34 a factor of 1938?
True
Is 1103 a multiple of 9?
False
Is 23 a factor of 1226?
False
Does 10 divide 4079?
False
Is 76240 a multiple of 40?
True
Is 2656 a multiple of 9?
False
Is 83 a factor of 6391?
True
Does 7 divide 1085?
True
Is 2 a factor of 47?
False
Is 3475 a multiple of 25?
True
Is 47 a factor of 24068?
False
Does 6 divide 12095?
False
Is 275 a factor of 23688?
False
Is 1